 the prime factors of f.
3
Let o(d) = -d + 1 - 2*d**2 + 0*d**2 - 6*d. Let v be o(5). List the prime factors of (v/(-15))/((-4)/(-30)).
2, 3, 7
Let i(g) = g**3 - 18*g**2 - 17*g + 21. Let r be 19 - (-4 - (-4 - 0)). List the prime factors of i(r).
59
Let q be 4 + 1 + 4 + -4. Let n be 2 + 1 + (q - 4). Suppose -2*m + 104 = 2*m + 4*w, -3*w - 69 = -n*m. What are the prime factors of m?
3, 7
Let q(s) = 7*s + 24. Let j = -99 + 96. List the prime factors of q(j).
3
Let x be -4 + 1 - 0/(5 + -3). Let m be (18/(-21))/(1/(-7)). What are the prime factors of (m + x)/((-1)/(-5))?
3, 5
List the prime factors of 21/49 + (-104)/14 - -3449.
2, 1721
Suppose 5*d - 77 = 108. Let s(f) = 2*f**3 + 5*f + 7. Let o be s(-2). Let c = d + o. List the prime factors of c.
2, 3
Let j be ((-1)/(-3) + (-124)/12)/(-2). Suppose -120 = -g + 3*l - j*l, -g + 135 = 5*l. List the prime factors of g.
2, 5, 11
Let r be 1 + 6/(-2) - -1. Let z be r + 3 - (-1 + -27). List the prime factors of 12/9*z/4.
2, 5
Suppose 2*g + 4*q - 1283 = -241, 5*g + q - 2614 = 0. List the prime factors of g.
523
Suppose 3605 + 7163 = 4*w + 4*c, 3*c = -15. What are the prime factors of w?
3, 29, 31
Suppose -23 = -6*g + 7. Suppose 217 = g*u + 2*u. What are the prime factors of u?
31
Let b be (-4)/(-1)*95/4. Suppose -5*l - 3*y = -410, -2*y = -0*l - l + b. List the prime factors of l.
5, 17
Let v(r) = r**2 - 8*r - 11. Let n be v(9). Let c be n/(-5)*(-150)/(-20). What are the prime factors of ((-336)/(-18))/(2/c)?
2, 7
Suppose 3*c = 5*q - 6*q + 62, 22 = c + q. List the prime factors of c.
2, 5
Suppose -3*i - 4*g = -0*g - 1071, -4*i + 1428 = g. What are the prime factors of ((-6)/(-4))/(4 - i/90)?
3, 5
Let l = -1835 + 2711. List the prime factors of l.
2, 3, 73
Let c = -37 - -43. Suppose -3*x + 246 = 4*b, 3*x - 3*b + c*b = 246. What are the prime factors of x?
2, 41
Let k(n) = 8*n**2 - 3*n + 2. Let z(p) = p**2 - 1. Let u = 10 + -11. Let b(l) = u*z(l) + k(l). What are the prime factors of b(2)?
5
Let d(c) = -2*c + 17. Let l(w) = 3*w - 34. Let f(j) = -2*j**3 + j**2 - 1. Let m be f(1). Let n(a) = m*l(a) - 5*d(a). List the prime factors of n(7).
11
Suppose -4*c = -m - 4700, -5*c - m + 3*m + 5875 = 0. List the prime factors of 4/28 - (c/(-7) - 4).
2, 43
Suppose 0 = -3*i - i + 20. Let l(x) = -13*x + 4 - i + 2. List the prime factors of l(-2).
3
Let u(w) = 8*w**2 + w - 4. Let b be u(4). Suppose -2*i + 2*x + x = -242, 2*x - b = -i. What are the prime factors of i?
2, 31
Suppose -q + 0 = -4. Let u be (-12)/(-24) - 6/q. What are the prime factors of (u/2)/((-2)/28)?
7
Let b(m) = 8*m - 2. Let o(h) = -h**3 + 7*h**2 - 9*h + 13. Let y be o(6). Let u be 4*(y/(-4))/1. What are the prime factors of b(u)?
2, 19
Suppose -12 - 6 = -3*u. Suppose 50 = g - u*g. What are the prime factors of 4 + (-4 - -3) - g?
13
Let k(u) = u**2 - 1. Let v(f) = 43*f**2 - f - 4. Let w(l) = -4*k(l) + v(l). List the prime factors of w(-1).
2, 5
Let b(q) = 82*q**2 + 3*q + 1. List the prime factors of b(-2).
17, 19
Let s = 3 + 8. Let m(h) = 4*h - 21. What are the prime factors of m(s)?
23
Let o(b) = -354*b - 163. What are the prime factors of o(-4)?
7, 179
List the prime factors of 0 + ((-2244)/1)/(-4).
3, 11, 17
Suppose 3*c - 5918 = -2*x, -c - 4*c - x + 9875 = 0. List the prime factors of c.
2, 13, 19
Let b = 5608 + -3857. List the prime factors of b.
17, 103
Suppose -19*z = -6664 - 14217. What are the prime factors of z?
7, 157
Let p(f) = -f**2 + f + 3. Let b be p(0). Let q be 6/(0 - b) - 86. Let y = q + 127. What are the prime factors of y?
3, 13
Let r = -8 + 132. Suppose -c = -5, 3*g - r = -0*g - 5*c. List the prime factors of g.
3, 11
Suppose 3*c - 1574 = 1288. List the prime factors of c.
2, 3, 53
Let g = 12 - 9. Suppose -t + g*t = 134. Let z = -39 + t. What are the prime factors of z?
2, 7
What are the prime factors of 8 + (-75)/10 - 1117/(-2)?
13, 43
Let g be -5 + 2 + 2 + 6. Suppose -2*n - n = p - 47, -g*p + 2*n + 150 = 0. List the prime factors of p/10*5/2.
2
List the prime factors of 1042/4 + (-2)/(-12)*-3.
2, 5, 13
Let i(v) be the third derivative of v**6/120 + 17*v**5/60 - 7*v**4/8 + 5*v**3/6 - v**2. What are the prime factors of i(-18)?
59
Let y(j) = 304*j - 1. Let o be y(1). Suppose 2 + o = 5*r. List the prime factors of r.
61
Suppose 2*o - 3*o = l, 5*o = -4*l - 2. Suppose 322 = 5*d + l. What are the prime factors of d?
2
Let n be (-6)/(2*(-9)/12). Let l be -1 - (-1*n - -1). Suppose -5*y + 5*w + 51 = -y, 0 = -l*y - 2*w + 30. What are the prime factors of y?
2, 7
Let q = 989 + -564. Suppose 25 = 5*u, 0 = 5*o - 3*u - 0*u - q. List the prime factors of o.
2, 11
Let s(b) be the first derivative of b**4/4 + 11*b**3/3 + 5*b**2/2 - 12*b + 28. List the prime factors of s(-9).
3, 5, 7
Suppose 0 = y - 3*m - 262, 2*y + 2*m = -0*y + 492. Suppose 3*j + y = 3*o + 8*j, -o + 90 = 3*j. What are the prime factors of o?
3, 5
Let u = 14 + -35. What are the prime factors of (-1841)/u + 3/9?
2, 11
Let a(i) be the third derivative of 23/120*i**6 + 1/24*i**4 + 0 + 0*i + 1/60*i**5 - i**2 - 1/6*i**3. List the prime factors of a(1).
2, 3
Let t = 11 - 6. Let n = 24 - t. List the prime factors of n.
19
Let t = -1865 - -3137. List the prime factors of t.
2, 3, 53
Let v(f) = -f**3 + 10*f**2 + 17*f + 29. What are the prime factors of v(9)?
263
Let l = -3308 - -4885. Suppose 4*j = -y - 0*y + 325, 5*y + 4*j - l = 0. List the prime factors of y.
313
Let c(z) = z + 7. Let p be c(6). Let o = 15 - p. Suppose -o*t + 60 = 2*t. What are the prime factors of t?
3, 5
Let f be 3/(-2)*(-80)/30. Suppose f*a - 2*x = -0*x + 1006, -5*a = 3*x - 1274. Suppose -3*j = 3*w - 228, -5*j + w = -a - 97. List the prime factors of j.
71
Let i be (-14 + (-1)/(-1))*1. Let c be (-1)/(4 + (-170)/42). Let f = c - i. List the prime factors of f.
2, 17
Suppose 4*y = 5*y, -4*y = h - 41. Suppose -3*p + 48 = n - 87, 0 = -4*n - 4*p + 508. Let k = n - h. List the prime factors of k.
2, 41
Let a = 1219 - -3463. What are the prime factors of a?
2, 2341
Suppose 5*z = -418 + 3098. Suppose -3*n + 0*n = -o - z, -4*n + 718 = -2*o. List the prime factors of n.
3, 59
Let z = 1027 - 443. What are the prime factors of z?
2, 73
Let b(q) = 7*q + 763*q**2 - 3 + 4*q - 757*q**2. List the prime factors of b(-3).
2, 3
Let o(a) = 165*a**3 - 2*a**2 + 4*a - 3. List the prime factors of o(1).
2, 41
Let p be (2*-1)/(2/(-1)). Suppose -192*g + 135 = -183*g. What are the prime factors of p/(-5) + 318/g?
3, 7
Let x(n) = 123*n - 22. Let y(g) = -82*g + 15. Let q(s) = -5*x(s) - 7*y(s). List the prime factors of q(-4).
13
Let l be (-1)/((-14)/12 - -1). Let u = -622 - -624. What are the prime factors of (0 + u - l) + 13?
3
List the prime factors of (-5879)/(-3) - (10 + 252/(-27)).
3, 653
Suppose -33*z + 14212 = z. List the prime factors of z.
2, 11, 19
List the prime factors of (-2)/4 - 15422/(-44).
2, 5, 7
Suppose 2*a = -725 + 4085. Suppose a = j + 4*j. List the prime factors of j.
2, 3, 7
Let g(j) = j**3 - 4*j**2 - 8*j + 10. Let m be g(5). What are the prime factors of (-1)/m + (-702)/(-15)?
47
Let t = 201 - 5. Suppose 570 = 2*u + t. What are the prime factors of u?
11, 17
Suppose 4*x = y - 4*y + 16, 5*y - 24 = -4*x. Suppose 0 = -21*d + 802 + 920. Suppose -y*z + d = -146. What are the prime factors of z?
3, 19
Suppose -4 = 10*p + 26. Suppose -5*j + 30 = 5*g, -27 = -3*j + g - 5. Let h = j + p. What are the prime factors of h?
2
Let v(d) = -3*d**2 + d + 924. What are the prime factors of v(0)?
2, 3, 7, 11
Suppose 16 = 4*x - 36. Suppose 2*w - x = 3*w. Let h = 18 + w. What are the prime factors of h?
5
Let o(u) = -u**3 - 5*u**2 + 12*u - 7. Let j be o(-6). Let i = -29 - j. List the prime factors of i.
2, 7
Let h(g) = g**3 + 8*g**2 - 40*g - 24. List the prime factors of h(-7).
5, 61
Suppose -2*r + 28*d - 33*d + 3153 = 0, 2*r = -2*d + 3144. List the prime factors of r.
3, 523
Let k(h) = h + 2. Let w be k(2). Suppose -w*r = -27 + 7. Suppose -a + 2 = 0, r*a + 9 = l - 1. What are the prime factors of l?
2, 5
Let y be (-1*5)/(-6 - -5). Suppose 89 = -y*j + 389. Suppose 4*a = 4*o + j, -2*a = -5*a - 3*o + 39. List the prime factors of a.
2, 7
List the prime factors of (-604)/(-2) + (2 - -3).
307
Let m = -204 + 211. Suppose 0 = 5*y + c - 132, 5*c = y - 19 + 3. Let t = y + m. What are the prime factors of t?
3, 11
Let j(m) = -2*m**2 + 4*m + 4. Let y be j(4). 